10*k - 2. Let h = -45 - -35. Let o be x(h). Let j(v) = -2*v - 3. Calculate j(o).
1
Let c(b) = -3*b**2 + 6*b - 4. Let f = -8238 + 8240. Determine c(f).
-4
Let b(q) = q**2 - 4*q - 29. Let j be b(8). Let c(n) = 130 + 0*n**3 - j*n**2 - 124 - n**3 + 7*n. What is c(-4)?
-6
Let g(k) = k**2 + 6*k + 6. Let v = 4482 + -4493. Determine g(v).
61
Let p(t) = t**2 - 10*t + 5. Let i(g) = 3*g + 62 - 12*g**2 + g**3 - 67 - 2*g - 6*g**2 + 5*g**2. Let w = 31 - 18. Let f be i(w). Determine p(f).
-11
Suppose 3 = -3*p + 18, 0 = -5*t + 5*p - 25. Let x(z) = -9*z + 12. Give x(t).
12
Let y(m) be the third derivative of -m**6/120 - 3*m**5/20 - 7*m**4/12 - 10*m**3/3 - 110*m**2. Give y(-8).
28
Let l be (444/(-185))/((-2)/5). Let p(m) = 3*m - 29. What is p(l)?
-11
Let s(r) = r**3 - 2*r + 4. Let i be s(0). Let d be ((-180)/25)/(i/(-10)). Let c(h) = -d + 0*h**3 + 0*h**3 + h**3 + 4*h**2 + 23. What is c(-4)?
5
Let h be (-91)/14*((-1992)/156 - -12). Let u(k) = 2*k**2 - 10*k + 27. Determine u(h).
27
Let x(p) = 4*p + 967*p**2 + 3 + 980*p**2 + 977*p**2 - 2925*p**2. Let c be 207/63 - (-4)/(-14). Suppose -c*q = -16 - 2. Determine x(q).
-9
Suppose 0 = 4*p + 3*x + 57, -2*p - 13 + 1 = -4*x. Let s = 16 + p. Let v(a) = a**3 - 3*a**2 - 4*a + 6. Calculate v(s).
6
Let b(d) be the first derivative of d**4/4 + 34*d + 882. Give b(0).
34
Let n(t) be the third derivative of -9*t**2 + 0 - 11/120*t**5 + 0*t - 1/24*t**4 - 4/3*t**3. Let w(p) be the first derivative of n(p). What is w(1)?
-12
Suppose 3*w = 9, -14*b - 5*w = -20*b - 3. Let j(t) be the first derivative of t + 0*t**b - 2/3*t**3 - 3/2*t**4 + 20. Determine j(-1).
5
Suppose -344 + 348 = 2*r. Let h(p) = -2*p**3 + 7*p**2 - 4*p + 2. Calculate h(r).
6
Let g(n) = 6 - 172735*n + 172737*n - 40. Give g(19).
4
Suppose -7*l - 28 = -14*l. Let g(w) = -4 - w**2 - w - 10*w + l*w - 5. What is g(-7)?
-9
Let j be 38/(-57)*(-189)/14. Let c(f) = -5*f + 21. Calculate c(j).
-24
Let u(t) = -t + 37. Let y be u(35). Let f(w) = -6*w - 3 + 201*w**y - 202*w**2 - 3*w. Determine f(-7).
11
Let f(h) be the first derivative of 5*h**3/3 + h**2 - h - 3. Suppose 44 - 39 = 5*l. What is f(l)?
6
Let i(r) = 12*r + 147. Let s be i(-12). Let g be (s + -1)/(4 - (-28)/(-8)). Let k(u) = -7 - 3*u + 7 - 3 + 0*u + u**2. Calculate k(g).
1
Let x(a) = a**3 - 3*a - 4. Let n(g) = 33*g + 102. Let f be n(-3). Give x(f).
14
Let m = 86 - 43. Suppose 2*l + 128 = 2*n + 30, -n = -4*l - m. Let j = 45 - n. Let y(u) = u**2 + 8*u + 1. Determine y(j).
-11
Suppose 5*r = 0, -658*b + 657*b - 2*r = 0. Let s(n) = -6*n - 9. Calculate s(b).
-9
Suppose -3473*c + 3489*c - 48 = 0. Let u(q) be the second derivative of 1/2*q**2 + 1/2*q**3 - 1/12*q**4 + 0 - q. Calculate u(c).
1
Let l(f) = -f**3 + 5*f**2 + 4*f + 1. Let n be -4 - (-90)/21 - 492/7. Let q = n - 0. Let k = q + 76. Give l(k).
-11
Let b(a) = -7 - 3 + 3*a - 7. Let s = -94887 + 94891. Calculate b(s).
-5
Let a = 1098 - 1082. Let g(d) = d**2 - 19*d + 46. Give g(a).
-2
Let c(v) = 44*v + 113*v**2 - 35*v + 2 - 223*v**2 + 1 + 111*v**2. Suppose 0*t - 14 = 5*i - 4*t, -4*i - 4*t = 40. What is c(i)?
-15
Let m(s) = 123*s - 3. Let c(q) = 49*q - 1. Let j(b) = 5*c(b) - 2*m(b). Let t(v) = 6*v**3 - 2*v**2 + 2*v - 1. Let i be t(1). Give j(i).
-4
Let m(h) = -8*h**2 + 79*h + 205. Let o be m(12). Let v(y) = 5*y**3 - 2*y**2 + y. What is v(o)?
4
Let w be ((-90)/27)/((-17)/51). Let a(m) = 38*m - 378. Determine a(w).
2
Let h be ((-54)/(-27))/(-3*4/6). Let b(s) = -1. Let l(p) = 6*p + 3. Let a(t) = h*l(t) - 2*b(t). Calculate a(-1).
5
Let u be (-2)/(2 + (-23)/11). Let g(y) = 1 - 2*y - 3*y**2 + u*y**2 + 0. Suppose -29*a + 38 = 9*a. Calculate g(a).
18
Let j = 110 - 71. Suppose -5*g - 5*y = -35, -3*y = -g - g + j. Let m be 8*2/g*-3. Let z(r) = r**3 + 3*r**2 - 4*r - 5. Determine z(m).
-5
Let l(s) = -s**3 + 3*s**2 + 2*s + 1. Suppose 2*g - 3*u - 718 = -103, 3*u + 1233 = 4*g. Suppose g - 336 = -9*q. Determine l(q).
7
Let s be (-12)/(-8) - 22/4. Let n = 195 + -195. Let c(m) = 4 - 3*m + n - 3 + m. Determine c(s).
9
Let d(i) = 5*i**2 - 6*i + 18. Let b(m) = -23*m**2 + 25*m - 72. Let t(k) = -2*b(k) - 9*d(k). Determine t(-6).
-6
Suppose -2*d - 28 = -5*t, 2*t = -4*d + 2*d. Suppose -t*q = 67 - 79. Let v(p) = -p**2 + p. What is v(q)?
-6
Let m(a) = -a**2 - 3*a - 3. Let j be 46/(-4) + (39/(-6) - -8). Let g be (j - 2/(-4)*10)*1. What is m(g)?
-13
Let o(x) = x - 1. Let r(h) = -27. Let z(f) = -2*o(f) + r(f). Let v(p) = -3*p**2 - 697*p - 14444. Let y be v(-23). Calculate z(y).
-25
Let t = -7217 - -7219. Let g(x) be the first derivative of -25 - 5*x + 1/4*x**4 - 7/2*x**t - 5/3*x**3. Calculate g(6).
-11
Let j(r) be the second derivative of -r**3/6 + r**2/2 - r. Let m = -169 + 190. Suppose -m = -15*t + 24. What is j(t)?
-2
Let r be (-3 + 1)*(2 - 14/4). Let j(b) = 14*b**r + 148*b + 141*b - 290*b - b**2. What is j(-1)?
-14
Let a(g) = -32*g + 6. Let w = 5099 - 5097. Give a(w).
-58
Let z(o) = o**3 - o + 1. Let k = 112 + -202. Let w = -92 - k. Calculate z(w).
-5
Let t(i) = 2*i**2 + 4*i - 2. Let l = 2353 - 2350. What is t(l)?
28
Let v(k) = -3*k - 19 - 14 + k + k + 36. Let i = -26 - -86. Let m be i/16 + (-6)/8. Calculate v(m).
0
Let n(d) = 13*d**2 - 26*d - 127. Let u(r) = -18*r**2 + 39*r + 192. Let v(f) = -7*n(f) - 5*u(f). Give v(-10).
-41
Let x(f) = 2*f**2 - 51*f - 206. Let d = -7555 + 7584. Determine x(d).
-3
Let a(x) = -14*x**2 - 356*x**3 + 6 - 4 + 355*x**3 + x + 9*x**2. Calculate a(-4).
-18
Let k(o) = 8*o - 6. Let p be (2/(-4))/((-26)/(-156)). Give k(p).
-30
Let w(j) = 6*j**3 - j**2 - j. Let g be w(-1). Let q(s) = -5*s - 17 + 22 + 12*s. Calculate q(g).
-37
Let r(q) = -20*q + 2. Let u(z) = -3*z. Let p(t) = 2*r(t) - 14*u(t). Determine p(-2).
0
Suppose -700 - 35 - 819 = -111*t. Let u(c) = -2*c**2 + 43*c - 20. Calculate u(t).
190
Let r(u) = 5*u**2 + 5*u + 6. Let g(z) = -12*z**2 - 11*z - 13. Let a be (-2)/(-5) + (48/(-20) - 0). Let w(v) = a*g(v) - 5*r(v). Give w(-2).
-2
Let q(l) = l**3 + l**2 + 4. Let k(t) = -2*t**3 - t**2 - t - 7. Let b(r) = 3*k(r) + 7*q(r). Suppose -p - 25 = -2*u - 35, -p = 4*u + 20. Calculate b(u).
-3
Let m(k) = 2*k**2 + 3 + 441*k - 876*k - 5 + 1 + 437*k. Let l be 6/21 - 64/28. What is m(l)?
3
Let u(v) = 34 - 230 - 10*v + 49 + 53. Let d be u(-10). Let m(o) = o**3 - 6*o**2 - 5*o + 7. Determine m(d).
-23
Let x(r) be the first derivative of -r**3/3 - r**2/2 - 8*r + 1. Suppose 0*y = -6*y + 4*y + 15*y. What is x(y)?
-8
Let h = 23362 + -23358. Let x(p) = -p**2 + 12*p - 40. Give x(h).
-8
Let j(x) = 42*x**2 - x**3 + 42*x**2 + x + 6 - 82*x**2. Suppose 0 = -10*a - 10 + 40. Let k be j(a). Let w(h) = h**3 - h**2 - h - 9. What is w(k)?
-9
Suppose -9*m = -11*m + 4. Let a(y) = -6 - 247*y**3 + 5*y**m - 251*y**3 + 497*y**3. Give a(5).
-6
Let j be (600/(-48))/(-25)*(-5 + -1). Let y(l) = l**2 + l - 1. Calculate y(j).
5
Let x(h) be the first derivative of -h**4/4 + 8*h**3/3 + 4*h**2 + 6*h + 1388. Let d be -1 - -1 - (3 - 12). Determine x(d).
-3
Let x(p) be the first derivative of -2*p**3/3 - p**2/2 - 4*p + 7977. Suppose -5*b + 29 = 3*h, -b + 0 = -2*h + 2. What is x(h)?
-25
Let d(b) = -b**3 - 8*b**2 - 13*b - 20. Suppose -5*m - 5*h - 35 = 0, -2*m = -70*h + 65*h. Determine d(m).
-30
Let m(y) = 13*y - 123. Let v be m(9). Let q(o) be the second derivative of 2/3*o**3 + 3*o**2 - 1/2*o**4 + 3*o + 0 - 1/20*o**5. Give q(v).
-18
Suppose -3*g = -2*y + 2, g - 16 = 2*y + 2*y. Let r(b) be the third derivative of -b**6/120 - b**5/15 + b**4/12 + 2386*b**2 + 3. Give r(g).
-8
Let d(g) = -g - g**2 + 0*g**2 - 2*g**2. Suppose -12*q + 9 = -39. Suppose 5*c + 7*i = 5*i - 17, -3*c + q*i - 5 = 0. What is d(c)?
-24
Let m(j) = j**3 - 2*j**2 - 4*j - 2. Let i be m(3). Let q(l) be the first derivative of l**4/4 + 4*l**3/3 - 2*l**2 - 4*l - 221. Give q(i).
-9
Let x be -5 + 3*1 + 188/(-47). Let r(d) = -5*d**2 - 32*d + 1. Give r(x).
13
Let p be 217/35 - (-1)/(-5). Let j(b) be the third derivative of 1/4*b**4 + b**2 + 91 - 1/60*b**5 - 5/6*b**3 + 0*b. Calculate j(p).
-5
Suppose -4*o = 3*x - 22, 5*x + 0 = -3*o + 11. Let l be 8 + (1 - (-4)/(-1)). Let z(j) = 0 - l + j + 4. Give z(o).
6
Let s be (-2)/(-4) + 100/8. Let m(k) = -7 + 26 - 11 + k - 13. What is m(s)?
8
Suppose 684*u = 402*u + 1692. Let i(k) be the second derivative of -k**4/12 + k**3/2 + 3*k**2 + k. Give i(u).
-12
Let i(q) = -465*q - 7441. Let z be i(-16). Let k(l) = -4*l**3 + 2*l**2 + 2*l. Det